 2*b - 5*m + 4 - 22 = 0. Suppose 0 = -2*o - j + 682, -5*o = -o + b*j - 1364. Suppose 5*q = -116 + o. What is the units digit of q?
5
Let y(u) = u**3 + 50*u**2 - 7*u + 99. What is the hundreds digit of y(-47)?
0
Let t = -169 - 141. Let z = t + 435. What is the tens digit of z?
2
Let w(m) = -m**3 - 24*m**2 - 28*m + 12. What is the thousands digit of w(-27)?
2
Suppose -w - 3 = -1. Let c be 36/54*(-441)/w. Suppose 6*a = c + 111. What is the tens digit of a?
4
Let v be 9/((-36)/(-40))*(-2)/(-4). Suppose 0 = v*o - 13*t + 9*t - 2245, 0 = -4*o - t + 1796. What is the tens digit of o?
4
Let g be 2655/(-10)*-2 + 2. Let j = g + -375. Suppose 5*y + 5*a = 675, 5*y - 2*a - j = 482. What is the hundreds digit of y?
1
Let q = -566 + 568. Suppose 3*w - 612 - 1723 = q*f, -4*f + 4 = 0. What is the hundreds digit of w?
7
Let j = 76 - 76. Suppose 4*z + 1067 = 5*m - 0*z, 3*m - 4*z - 645 = j. What is the tens digit of m?
1
Let u = 167 - 164. Suppose 2*c + 3*o - 23 = -0*o, -3*c + 2 = -2*o. What is the tens digit of (u + (c - 11))*-7?
2
Suppose -51*k = -477834 - 136059 - 746430. What is the units digit of k?
3
Let o(i) = 76*i**2 + 1. Let x be o(1). Let u be 286/x - 4/(-14). What is the units digit of (6/u)/((-3)/(-134))?
7
Let v(t) = -2*t**3 - 45*t**2 - 3*t + 330. What is the thousands digit of v(-30)?
3
Suppose -6*o - 2*z = -3*o + 9, -12 = 4*o + 4*z. What is the tens digit of (-4)/(((-6)/(-6))/o)?
1
Suppose -6801*m + 6791*m + 396030 = 0. What is the ten thousands digit of m?
3
Let z(o) be the first derivative of 407*o**2 + 5*o - 93. What is the hundreds digit of z(1)?
8
Let l(t) = -26 - 8 + 25 - 38*t - 85. What is the units digit of l(-16)?
4
Let n = 211 + -463. Let o = 27 - n. What is the tens digit of o?
7
Let v = -4 - 22. Let q = v + 30. What is the units digit of q + 6/(-1 + 3)?
7
Let q(o) be the first derivative of -o**4/4 - 4*o**3/3 - 13*o**2/2 - 19*o - 2. What is the units digit of q(-5)?
1
Suppose 0 = 10*i - 13729 - 34271. What is the hundreds digit of i?
8
Let k be 3 + 0 + 106 + (-3 - -7). Suppose -18096 = -129*b + k*b. What is the hundreds digit of b?
1
Let l = 1 + -1. Let q be ((-1)/((-2)/(-86)))/(2/(-4)). Let w = q - l. What is the tens digit of w?
8
Let g = -77 - -71. What is the tens digit of 215 + -3 + g + 4?
1
Let a(z) = z**3 + 13*z**2 - 34*z - 267. What is the tens digit of a(34)?
0
What is the thousands digit of ((4 + -5)/(1/(-6057)))/((-159)/(-795))?
0
Let x be (2 - (-6 + 5)) + 246/3. What is the tens digit of (-17)/(x/(-2400)) - 1?
7
Let x be 3*(-3)/(-9) + -1*454. Let y = x - -852. What is the hundreds digit of y?
3
Let z = -27 + 36902. What is the tens digit of z?
7
Let n(c) = 11*c**2 + 7*c - 7. Let y be n(6). Suppose y + 185 = 2*i - 3*h, -4*i + 4*h + 1236 = 0. What is the hundreds digit of i?
3
Let l = 24 + -6. Suppose -l*u + 4074 = -11*u. Suppose -7*y = -u + 148. What is the units digit of y?
2
Suppose 27*t - 1413 = 36*t. Let g = 166 - t. What is the hundreds digit of g?
3
Let w(m) = -m**3 - 23*m**2 + 52*m + 56. Let t be w(-25). Suppose f - t*l = -2*l + 1348, 3*f - 4018 = -l. What is the units digit of f?
0
Suppose -4880003 = -389*f + 2941620. What is the hundreds digit of f?
1
Let i(z) = 6*z**2 - 18*z + 1. Let f be i(-26). Suppose 3555 + f = 8*j. What is the hundreds digit of j?
0
Suppose 0 = 120*c - 38520 - 424784 - 379576. What is the hundreds digit of c?
0
Suppose -10*j = -13 - 17. Suppose -2*q = 3*b - 9, 4*q - b + 0*b = -j. Suppose -t + 121 - 25 = q. What is the tens digit of t?
9
Let k(o) = -3*o + 1. Let t be k(0). Let q be 6 - (7/t - 5). Suppose -3*l = 3*x - l - 367, -3*x + q*l + 391 = 0. What is the units digit of x?
5
Let u be (6/(-8) - 0)/(2/(-8)). Suppose 9 = u*m, -6*j = -2*j + 4*m - 84. Suppose j + 29 = w. What is the tens digit of w?
4
Let t = 19781 + -5567. What is the tens digit of t?
1
Let p = 69211 - 46761. What is the tens digit of p?
5
Let j = 8661 + -1123. What is the tens digit of j?
3
Let u be 28716/33 - 24/132. Suppose -3*l = 5*d - u - 53, 0 = 3*l - 4*d - 887. What is the hundreds digit of l?
3
Suppose -6*g - 22 = 26. Let z(s) = -s**3 - 8*s**2 - 5*s + 5. What is the units digit of z(g)?
5
Suppose 4*g - 3*w - 154328 = 0, 0 = -88*g + 93*g + 3*w - 192937. What is the ten thousands digit of g?
3
Let s(u) = 343*u + 1711. What is the hundreds digit of s(9)?
7
Suppose -37*z = 21360 - 105646. What is the units digit of z?
8
Let z = -48 - -45. Let s(p) = -5*p**3 - 5*p**2 - 9*p - 1. What is the tens digit of s(z)?
1
Suppose -3*g + 23748 = y, -3*g - 5*y - 6597 = -30369. What is the tens digit of g?
1
Suppose -5*z - 4*h = -37206, -29770 = -4*z - 6*h + 8*h. What is the thousands digit of z?
7
What is the hundreds digit of 126/(-72)*(-5166 + -6)?
0
Let k be (-12)/(-7) - (-82)/287. Suppose 3*g = 4*q - 0*q + 2212, -k*g - 3*q = -1452. What is the units digit of g?
2
Suppose -174394 = -22320*k + 22309*k. What is the ten thousands digit of k?
1
Let n(d) = 23*d**2 + 575. What is the tens digit of n(-20)?
7
Suppose -r = -3*x + 293, 5*x + 15*r - 18*r - 483 = 0. What is the units digit of x?
9
Suppose l = 2*v + 1146, -9*v = -3*l - 8*v + 3438. Suppose 3*w + 639 = 2*j + 63, 3*w = 4*j - l. What is the units digit of j?
5
Let t(u) = 4*u**2 + 12*u**2 + 60*u + 261 - u**3 + 0*u**2 - 230. What is the hundreds digit of t(17)?
7
Let t = 5935 + -4118. What is the tens digit of t?
1
Let l(b) = b**3 - 18*b**2 + b - 16. Let r be l(18). Let d be 1/r - (-3)/(-6). Let n = 30 - d. What is the units digit of n?
0
Suppose -19*v + 2*v - 3026 = 0. What is the units digit of ((-110)/(-20) - 5)/((-1)/v)?
9
Let c(j) be the second derivative of -j**4/12 + 9*j**3 + 70*j**2 + 36*j. What is the units digit of c(45)?
5
What is the thousands digit of (((-564336)/(-10))/12)/(4/40*4)?
1
Let h(x) = -x**3 - 20*x**2 + 18*x - 24. Let n be h(-21). Let g = -30 + n. Suppose 2*w - 15 = g. What is the tens digit of w?
1
Let k(j) = -2*j**2 + 25*j - 11. Let p be k(10). Let f(i) = 3*i**2 - 90*i + 50. What is the thousands digit of f(p)?
1
Suppose -51*w + 71*w = 168500. What is the hundreds digit of w?
4
Let t = 270 + 32269. What is the thousands digit of t?
2
Let x be (-5 + 7)*-4 - -8. What is the hundreds digit of 1235 + x + 8 - 2?
2
Suppose 2*g - 9*b = -8*b + 76, -66 = -2*g - 4*b. Suppose 34*q = g*q - 1152. What is the tens digit of q?
8
Suppose 5*a = -0*r - 4*r + 20, 2*r - 10 = 3*a. Suppose -3*t + y = 10 - 7, y - 3 = t. What is the tens digit of (19 - t)/(25/r - 4)?
1
Let g = 577 + -871. Let x = g - -947. What is the tens digit of x?
5
Suppose 14*j = -6*u + 10*j + 32, -j + 5 = 0. Suppose 3*g - 2*f = 4096, 4*g = -0*g - u*f + 5466. What is the thousands digit of g?
1
Suppose 3*q - 104 = -t - 366, 0 = -4*t + 20. Let g = -86 - q. Suppose 5*d = -6*a + g*a + 1015, 3*d - 4*a = 580. What is the units digit of d?
0
Suppose 2*q = -4 + 10. Let h(i) = 78*i + 236. Let c be h(-3). Suppose 0 = c*a - q*z - 115, 5*z = a + 3*z - 59. What is the tens digit of a?
5
What is the units digit of (0 - -13) + -5 - (-6068 - -5)?
1
Suppose u - 17448 = -5*s, 3*u = -36*s + 31*s + 52344. What is the units digit of u?
8
Let d(m) = -315*m + 78. What is the tens digit of d(-2)?
0
Suppose 0 = 4*l + 2*p + 2, 5*l + 0 - 4 = 4*p. Suppose l = 17*n - 10*n - 1148. Suppose 3*a - 430 = n. What is the tens digit of a?
9
Suppose 78*w + 174865 = 161260 + 387303. What is the tens digit of w?
9
Let v(r) = 10*r**2 - 1. Let c be v(-1). Let t be (1/((-5)/(-15)))/(7 - 8). What is the units digit of (-341)/(-3) - t/c?
4
Suppose -3*y + 26691 = 2*v, 2*v + 13422 - 40109 = y. What is the ten thousands digit of v?
1
Suppose 57*p - 39*p = 5274. What is the hundreds digit of p?
2
Let h(j) = j**3 - 9*j**2 - 7*j - 51. Let y be h(10). What is the hundreds digit of (1 + 2)/(-9) + (-19894)/y?
9
Suppose -110*h = 323*h - 62*h - 6807479. What is the tens digit of h?
4
Let y(i) = -141*i**3 + 4*i**2 + 3*i - 1. What is the units digit of y(-3)?
3
Suppose 0 = -488*r + 568*r - 1913520. What is the tens digit of r?
1
Suppose 3*a + b = 11, -5*a - 5*b = -a. Suppose 1164 = -a*c + 2*c. What is the tens digit of (c/(-10))/(3/15)?
9
Suppose 7*s - 11*s - z = 3248, 0 = -4*s - 4*z - 3236. Let f = s + 1284. What is the hundreds digit of f?
4
Let z(s) = s**2 - s + 1. Let g(a) = -11*a**3 + 2*a**2 + a - 2. Let k(t) = g(t) + z(t). Let b be 16/(-14) + 36/252. What is t